*j(z) + 5*l(z). Let w be y(1). Give p(w).
4
Let h = -7 - -7. Let v(j) = 0 + h*j + j - 4 - 1. Suppose 3*w - 3*c - 29 = -2, 5*w + 2*c - 10 = 0. Calculate v(w).
-1
Let l(u) be the first derivative of -2*u**3/3 + 2*u**2 - 2*u - 1. Calculate l(4).
-18
Suppose -7 - 2 = 3*u + 4*h, 2*u + 6 = h. Let p be 4*((-21)/14)/(u*1). Let c(m) = -m**3 + m**2 - 2. Determine c(p).
-6
Let c(u) = 6*u + 4. Suppose -91*r + 12 = -103*r. Calculate c(r).
-2
Let y(h) = -18 + 6 + 10 + 2*h + 7. Determine y(6).
17
Let t(i) = -i**3 + 2*i**2 + 5*i - 3. Suppose m = -h - 2*m + 11, 4*m = 12. What is t(h)?
7
Let o be 129/4*(-72)/27. Let f = 82 + o. Let g(h) = 2*h + 2. What is g(f)?
-6
Let q(g) = -g**3 + 4*g**2 + 3*g - 9. Suppose -15 = -p - 11. Give q(p).
3
Let v(z) = 5*z**2 + z - 1. Let w(h) = -12*h**2 - h + 3. Let f(m) = 7*v(m) + 3*w(m). What is f(6)?
-10
Let j(q) = 2*q + 4. Let k(x) = 5*x + 12. Let u(y) = -8*j(y) + 3*k(y). Suppose -o + 8 = 4*s, -2 = 4*o + 5*s - 12. Let v be (0 + o)/(39 - 42). Calculate u(v).
4
Let v(d) = d**3 + 205*d - 6*d**2 - 198*d - 4 + 14*d**2 + 0*d**3. Calculate v(-7).
-4
Suppose -3*d - 2*g - 8 = 0, 5*d + g - 6*g + 5 = 0. Let h(z) = -z + 2. Let n(p) = -2*p + 2. Let l(u) = d*n(u) + 3*h(u). What is l(4)?
6
Let i(z) = -z**2 - 22*z - 8. Let c be (-374)/(-102)*1*-6. Give i(c).
-8
Let s = 2513 + -2519. Let w(d) = -d**2 - 3 - 2*d + 0*d - 7*d. Calculate w(s).
15
Let h(g) = -6*g. Let p be h(-1). Let w(u) = -5*u + 2*u - u**3 - 4 - u + 2*u**2 + p. Determine w(3).
-19
Let g(t) = 9*t**3 + 3*t**2 + 3*t + 1. Suppose 0 = -4*w + 53 - 61. Determine g(w).
-65
Let r(b) be the first derivative of 4*b**3/3 - 40. Determine r(-1).
4
Let j(z) = -z**3 - 4*z**2 + 4*z + 1. Suppose -4*q + u + 36 = 0, -q - 1 = -2*u - 3. Let t be (q/4)/(11/22). Let s(v) = -3*v + 10. Let h be s(t). Calculate j(h).
6
Suppose -13 = -4*n - y, 4*n + 0*y - 7 = -3*y. Let t(c) = c - 2*c + 9 - n. Let l be 3*-1 + 1 - 4. Determine t(l).
11
Let w be (-1)/((8/(-6))/4). Let q(m) = -m**2 + 7*m - 6. Let s be q(4). Let h(i) = -i**2 + 2*i + 2 - i**w + 3*i - s*i + 0. What is h(0)?
2
Let k(o) = 2*o + 31. Let w be k(-14). Let c(v) = 6*v - 2 - 6*v**3 + 5 - 4*v**2 + 5*v**w. Let i(f) = f**2 - 5*f - 5. Let q be i(5). What is c(q)?
-2
Let r(d) = d**3 + 6*d**2 + 6*d. Let c(w) = -w**2 + 2*w + 6. Let o be c(3). Suppose 0 = -o*x - 3*n - 21, 0*x + 3*n + 17 = -2*x. Give r(x).
8
Let c(i) = 2*i - 11. Let z = -85 + 91. Determine c(z).
1
Let i(g) = 3*g**3 + 2*g**2 + 19. Let l(h) = 7*h**3 + 5*h**2 + 37. Let x(n) = -5*i(n) + 2*l(n). Let f(m) be the first derivative of x(m). What is f(1)?
-3
Let t(r) = -3*r**2 - 3*r. Let x be t(-1). Let u(q) be the second derivative of q + x*q**2 - 1/12*q**4 + 0 - 5/6*q**3. Determine u(-5).
0
Let u(p) = -298*p**3 + 0*p**2 - 4*p**2 + 297*p**3 - 2*p. Calculate u(-4).
8
Suppose -91 = 5*x - 21. Let q = 16 + x. Let n(s) = -2*s + 3*s**3 + 3*s + 0 - 4*s**3 + 2 + 2*s**2. What is n(q)?
4
Let g(o) = -4*o**3 + 9*o**2 - 5*o - 3. Let q(j) = 2*j**2 - 3*j**2 - 41 + 42 + j**3 + 0*j**2. Let a(p) = -g(p) - 3*q(p). What is a(4)?
-12
Let d(n) be the second derivative of -1/6*n**3 + 1/2*n**2 + 0 + 12*n. Give d(0).
1
Let i(z) = 3*z**2 + 673 - 335 + 3*z - 337. Suppose -5*n = -4*p - 28, 4*n - 26 = 5*p - 0. What is i(p)?
7
Let g(z) = -z**2 - z + 11. Let r(u) be the third derivative of 11/24*u**4 + 0*u**3 + 0 - 1/60*u**5 + 6*u**2 + 0*u. Let d be r(11). Give g(d).
11
Let c(t) = -7*t - 50 + 95 + 4*t - 36. Give c(4).
-3
Let q(t) be the first derivative of 5*t**3 - t + 2. Suppose -4*i - 28 = -5*v, v - 4 = -0. Let x be i/11 - (-52)/44. Calculate q(x).
14
Let v(t) = -8*t + 2. Let j(s) = -9*s + 1. Let c(o) = 5*j(o) - 6*v(o). Let u be c(4). Let z(q) = q**3 - 6*q**2 + 3*q + 6. Give z(u).
-4
Let n(v) = -49 - 6*v - 5*v + 4*v + 65 - v**2 - 11*v. What is n(-14)?
72
Let m(k) = 31*k + 99. Let g(u) = -10*u - 36. Let j(t) = -11*g(t) - 4*m(t). Let f = -3 - -2. Determine j(f).
14
Let c(g) = g**3 - g**2 - g - 3. Let o be (-2)/(-9) - (-225)/81. Suppose -3 = -3*a - o*w + 6, -4*w + 12 = 2*a. What is c(a)?
-3
Let r be (6/(-4))/(-7 + (-30)/(-4)). Let b(m) = 2*m**3 - m + 2. Let a(w) = -w**3 - w**2 + w. Let c(q) = -3*a(q) - b(q). What is c(r)?
4
Suppose 4*w - 12 = -h - h, 3*w - 5*h = 35. Let z = 2 - w. Let q(j) = -3*j - j + j**3 + 0*j**2 + 2*j**2. Determine q(z).
3
Suppose 571*q = 1089*q - 561*q - 215. Let i(y) be the first derivative of -y**3/3 - y**2 - 1. Calculate i(q).
-15
Let i = -511 - -513. Let t be (-2)/4*(-1 - 3). Let s(y) = -y**2 - 2*y**2 + 7*y - 5*y + y**i - y**3 - t. Determine s(-3).
1
Let r(w) be the third derivative of -w**5/60 + w**4/6 + 5*w**3/2 - 160*w**2. Determine r(7).
-6
Let y(t) = 3*t + 26. Let l be y(-8). Let s(m) = 10*m**2 + 0*m**2 + 2*m - 2 - 9*m**l. Calculate s(3).
13
Let r = -19 - -61. Let b(l) = -9*l + 6 + r*l**2 - 3 - 41*l**2. Determine b(7).
-11
Let g(v) = -v**2 + 12*v - 26. Let o be g(8). Let a(j) = j**3 - 6*j**2 - 3*j + 0 + 6*j - 2 - 6. Give a(o).
10
Suppose 2*b + i = 16, 6 + 10 = 4*b - 2*i. Suppose 3*f = b - 9. Let a(n) = n**3 - n. Let v(w) = -7*w**3 + 7*w**2 - 1. Let u(z) = f*v(z) - 6*a(z). What is u(6)?
1
Let u(s) = -29*s**3 - 3*s + 7. Let t(j) = 14*j**3 + j - 3. Let x(f) = 5*t(f) + 2*u(f). Calculate x(-1).
-12
Let a(i) = 9*i - 4*i**3 + 3084*i**2 + 5*i**3 - 2*i + i - 3090*i**2. Calculate a(4).
0
Let i be (-2)/(-4)*(2 - -12). Let t be (-6)/2*i/(-3). Let f(o) = o**3 - 6*o**2 - 7*o + 2. Determine f(t).
2
Let m(v) = -20*v - 1317 + 10*v + 1320. Give m(-3).
33
Let g(m) = -10*m + 31. Let r be g(3). Let b(i) = -1 + i**2 + r - 6*i + 1 + 2. Calculate b(7).
10
Let f(i) = -3*i**2 - 4*i + 3. Let h be f(2). Let q be (-3)/(-6) + h/(-2). Suppose 0 = -3*w - 2*t - q, 13 + 8 = -3*w + 2*t. Let y(j) = -j - 3. What is y(w)?
2
Suppose 3*n = n - 2, 8 = 2*q - 4*n. Suppose 2 + q = -3*w + d, 0 = w - d + 2. Let k(g) = -2*g. Calculate k(w).
2
Let r(p) = -90*p + 18 + 180*p - 88*p. Give r(-8).
2
Let y = -1549 + 1548. Let w(f) = 13*f - 6. Determine w(y).
-19
Let a(m) = -m**2 + 26*m - 99. Suppose 164 = 12*b - 88. Determine a(b).
6
Let o = -32 - -38. Let u(h) = 0*h - 6*h + o*h**2 + 1 - h**3 + 2*h. Determine u(5).
6
Let n(a) = -3*a - 2. Let o be n(3). Let q(v) = -4*v**3 - 35*v**2 - 6. Let t(h) = h**3 + 9*h**2 + 1. Let b(f) = -2*q(f) - 9*t(f). Calculate b(o).
3
Let h(y) = -y**2 - 5*y - 4. Let t be ((-10)/3)/((-14)/(-21)). Determine h(t).
-4
Let l(a) be the first derivative of 3*a**2 + 5 - 3*a - 1/3*a**3. Calculate l(3).
6
Suppose -22*p - 100 = 76. Let d(t) = t**3 + 10*t**2 + 9*t + 3. Calculate d(p).
59
Let y(z) be the second derivative of -z**4/12 + 5*z**3/6 - 2*z**2 + z. Suppose q + 4*s = 17, 55*q + 5*s = 60*q - 10. Determine y(q).
-4
Let z(f) be the third derivative of f**4/12 + f**3 - 23*f**2. Let h(g) be the first derivative of -g**2 - 5*g + 1. Let b(u) = 4*h(u) + 3*z(u). Determine b(2).
-6
Suppose -4*c + 3*m = 333 - 353, -m - 5 = -c. Let a(s) = -s**3 + 5*s**2 + 8*s - 12. What is a(c)?
28
Let g(i) be the first derivative of 3*i**2/2 - 13*i + 2708. Let y(f) = -3*f. Let m be y(-3). Give g(m).
14
Let b(h) = -4*h**3 - 3*h**2 + h. Suppose -35*k + 53 + 17 = 0. Determine b(k).
-42
Let g = 455 + -451. Let h(y) = y**2 - 3*y - 3. Calculate h(g).
1
Suppose -2*z = 3*z - 15. Suppose -5*k = -z*k. Let o(f) = k*f**2 - 5*f - f**3 + 0*f**2 + 6*f - 4*f**2. Determine o(-4).
-4
Suppose -3*u + 25 = 2*u. Suppose -u*n + 0*n = 55. Let t(q) = -5*q**2 - 3*q - 1. Let r(c) = -14*c**2 - 8*c - 3. Let i(y) = n*t(y) + 4*r(y). Calculate i(2).
-3
Let j(i) = 5*i**3. Let a(r) = 2*r**3 - r. Let f be a(-1). Let x be j(f). Let q(z) = 5*z**2 + 6*z**3 + 3*z**3 - 5*z**3 - 1 - z - 3*z**3. Calculate q(x).
4
Let g(p) = 87*p + 89*p + 80*p + p**2 - 255*p. What is g(-3)?
6
Let x(s) = -s**2 - 5*s + 1. Suppose -5*q + 9*q = 220. Let a = q - 60. Calculate x(a).
1
Let b(l) be the first derivative of l**4/24 + l**3/6 + 13*l**2/2 + 6. Let s(a) be the second derivative of b(a). Determine s(-3).
-2
Let y be 4/(-14) + 4/14. Let u(v) = -5*v + v**3 + y*v - 7*v + 1 - 10*v**2 + v. Calculate u(11).
1
Let s = 125 + -121. Let v(x) = -s*x - 4*x + 7*x + 22 - 25. Give v(5).
-8
Let l(u) be the second derivative of -u**5/5 - u**4/6 - u**3/2 - u**2 + 16*u. Calculate l(-1).
3
Let r(g) be the second derivative of 9*g**5/20 - 2*g**3/3 + 3*g**2/2 + 44*g + 2. Give r(1).
8
Let a(u) be the first derivative of -u**4/4 + 7*u**3/3 - 5